t is the highest common factor of 5371 and 6419?
131
What is the greatest common factor of 90218 and 13746?
158
What is the highest common factor of 336 and 11928?
168
What is the highest common divisor of 3718574 and 148?
74
Calculate the highest common divisor of 4208 and 400.
16
Calculate the highest common divisor of 114 and 1051251.
57
Calculate the highest common factor of 141 and 603.
3
Calculate the greatest common divisor of 2680 and 180.
20
Calculate the highest common factor of 1808 and 512.
16
What is the greatest common divisor of 102 and 1146038?
34
What is the highest common divisor of 942 and 213677?
157
What is the greatest common divisor of 9646 and 3848?
26
Calculate the greatest common divisor of 33 and 1050.
3
Calculate the greatest common divisor of 18536 and 18205.
331
What is the highest common factor of 1927 and 6273?
41
What is the highest common divisor of 16 and 2891976?
8
What is the greatest common factor of 60 and 286035?
15
Calculate the greatest common factor of 45059 and 3140.
157
Calculate the greatest common divisor of 362639 and 274.
137
What is the greatest common divisor of 4068 and 35838?
18
What is the greatest common divisor of 4104 and 33592?
152
Calculate the greatest common divisor of 122283 and 63.
63
Calculate the greatest common divisor of 79772 and 19012.
196
What is the highest common factor of 6600 and 3432?
264
What is the highest common factor of 9 and 963?
9
What is the greatest common divisor of 2574 and 3036?
66
Calculate the highest common divisor of 108 and 51768.
36
What is the greatest common divisor of 6048 and 912114?
378
Calculate the highest common divisor of 184 and 2720.
8
What is the greatest common divisor of 299 and 261859?
13
What is the highest common divisor of 14417 and 13?
13
Calculate the greatest common divisor of 25960 and 2915.
55
Calculate the highest common divisor of 170 and 21046.
34
What is the highest common factor of 115962 and 42?
42
What is the highest common divisor of 10908 and 1728?
108
What is the highest common factor of 4411 and 275?
11
Calculate the greatest common divisor of 36 and 37692.
36
Calculate the highest common factor of 35008 and 160.
32
What is the highest common factor of 310 and 118?
2
Calculate the greatest common factor of 1424 and 28747.
89
What is the highest common factor of 2075 and 5425?
25
Calculate the greatest common divisor of 726 and 32428.
242
Calculate the highest common factor of 1066 and 2501.
41
Calculate the highest common divisor of 3355 and 61000.
305
What is the highest common factor of 3243 and 63?
3
Calculate the highest common divisor of 537 and 477214.
179
What is the greatest common divisor of 12 and 34962?
6
Calculate the greatest common divisor of 377 and 1012999.
377
Calculate the highest common divisor of 16 and 28520.
8
What is the greatest common divisor of 118854 and 142?
142
What is the highest common factor of 21 and 97426?
7
What is the greatest common divisor of 41767 and 121?
11
Calculate the greatest common factor of 3313878 and 51.
51
Calculate the greatest common factor of 168166 and 6.
2
What is the greatest common factor of 30 and 63834?
6
Calculate the highest common divisor of 4954394 and 526.
526
What is the highest common divisor of 756 and 670488?
84
What is the greatest common divisor of 1320 and 20856?
264
Calculate the highest common divisor of 85 and 124117.
17
What is the greatest common factor of 792 and 4184?
8
What is the highest common divisor of 1307392 and 12?
4
Calculate the greatest common divisor of 159980 and 5.
5
Calculate the greatest common divisor of 1624 and 7946.
58
What is the greatest common factor of 190 and 1337410?
190
Calculate the greatest common divisor of 1148 and 207214.
574
Calculate the highest common factor of 91 and 1337206.
13
Calculate the greatest common divisor of 35 and 489205.
5
Calculate the greatest common factor of 1869471 and 27.
9
What is the greatest common divisor of 452133 and 2277?
99
Calculate the greatest common factor of 82814 and 12032.
94
Calculate the greatest common divisor of 15 and 17865.
15
What is the highest common factor of 59211 and 297?
27
What is the greatest common factor of 198336 and 12?
12
What is the greatest common divisor of 468 and 12142?
26
What is the highest common factor of 1228 and 1759724?
1228
What is the greatest common factor of 917289 and 27?
9
What is the highest common divisor of 4 and 224806?
2
Calculate the greatest common factor of 154 and 5467.
77
Calculate the highest common factor of 2915194 and 958.
958
Calculate the highest common factor of 558 and 3474.
18
What is the highest common divisor of 356499 and 54054?
1287
Calculate the highest common divisor of 120719 and 305.
61
What is the greatest common factor of 69982 and 44?
22
What is the highest common factor of 3047842 and 1421?
203
Calculate the greatest common factor of 567 and 672.
21
Calculate the highest common factor of 89664 and 108.
12
Calculate the highest common divisor of 38064 and 432.
48
Calculate the highest common factor of 26 and 5960474.
26
Calculate the highest common factor of 695244 and 2244.
132
What is the greatest common factor of 1490640 and 24?
24
What is the greatest common factor of 70 and 2165?
5
Calculate the highest common divisor of 19 and 1337087.
19
What is the greatest common factor of 17917 and 92414?
943
What is the greatest common factor of 21868 and 102872?
308
What is the highest common divisor of 20 and 9292?
4
Calculate the greatest common factor of 1173746 and 812.
406
Calculate the greatest common factor of 5762 and 32696.
134
What is the greatest common divisor of 75222 and 28?
14
Calculate the greatest common factor of 136 and 39916.
68
What is the highest common factor of 57 and 327351?
57
What is the highest common divisor of 7685 and 1166?
53
What is the highest common factor of 140505 and 1972?
493
Calculate the highest common divisor of 7128 and 27412.
44
Calculate the greatest common factor of 897 and 305187.
69
What is the greatest common divisor of 5214 and 1397?
11
Calculate the highest common divisor of 25338 and 5562.
618
Calculate the highest common divisor of 1674 and 109647.
837
Calculate the highest common factor of 17918 and 50065.
527
Calculate the greatest common factor of 209880 and 80.
40
Calculate the greatest common factor of 981 and 5532840.
981
Calculate the greatest common divisor of 1078 and 37422.
154
Calculate the greatest common factor of 14756 and 1860.
124
Calculate the highest common divisor of 1290 and 2623.
43
Calculate the highest common factor of 310 and 115165.
155
Calculate the greatest common factor of 170 and 708815.
85
What is the greatest common divisor of 227097 and 91?
13
What is the highest common factor of 14 and 136934?
14
Calculate the greatest common divisor of 1171130 and 1360.
170
What is the highest common divisor of 388155 and 339?
339
What is the greatest common divisor of 267628 and 46?
46
Calculate the highest common divisor of 44 and 631202.
22
What is the highest common factor of 217235 and 115?
115
Calculate the highest common divisor of 2768 and 14013.
173
What is the greatest common factor of 32086 and 45762?
526
Calculate the highest common factor of 3 and 14367.
3
Calculate the highest common factor of 6512 and 37.
37
What is the greatest common factor of 575 and 325?
25
What is the highest common divisor of 5568 and 312?
24
What is the greatest common divisor of 11700 and 2580?
60
Calculate the greatest common factor of 44058 and 84.
42
What is the greatest common divisor of 19617 and 26?
13
What is the highest common divisor of 59154 and 6?
6
What is the highest common divisor of 1785 and 91?
7
Calculate the highest common factor of 295684 and 2436.
116
What is the highest common divisor of 29 and 30131?
29
Calculate the highest common divisor of 703 and 143893.
37
What is the greatest common divisor of 11060 and 1449?
7
What is the greatest common divisor of 1185021 and 9?
9
Calculate the greatest common factor of 30 and 48585.
15
Calculate the highest common divisor of 51 and 1278.
3
What is the greatest common factor of 56 and 124048?
8
What is the highest common divisor of 744733 and 3476?
869
Calculate the highest common divis